- -14934. Calculate the remainder when o is divided by ((1 - 1) + 1)*57.
54
Let u(y) = -y**2 + 18*y - 11. Let b be u(16). Suppose 158 = -b*f + 578. What is the remainder when f is divided by 12?
8
Suppose -139 = -c - 4*i, -6*c = -4*c - 2*i - 228. Calculate the remainder when c is divided by 21.
14
Let m(v) = 4*v - 172. Suppose 0 = -4*c + 89 - 5. Calculate the remainder when m(58) is divided by c.
18
Suppose 2084 = 4*o + 4*k, -4*k = -4*o + k + 2066. Calculate the remainder when o is divided by 65.
64
Suppose -48 = -0*v - 4*v. Suppose z - 21 = 78. Suppose s = -2*s + z. What is the remainder when s is divided by v?
9
Calculate the remainder when 73 is divided by 1 + 2 + (-140)/(-9 + 5).
35
Suppose 2*b + 22 = -28. Let q = b - -54. Let p = -21 + q. What is the remainder when 23 is divided by p?
7
Let s = 127 + -65. What is the remainder when s is divided by 9?
8
Let p(u) = -8*u + 5. Let v(r) = -r**3 + 8*r**2 - 2*r + 8. Let g be v(8). What is the remainder when p(g) is divided by 14?
13
Suppose -2*j = -5*k + 842, 18*j = k + 21*j - 182. Calculate the remainder when k is divided by 9.
8
Let p = 5 + -1. Suppose -p*n + n = 0. Suppose q = n, -2*u - 4*q = u - 132. Calculate the remainder when u is divided by 23.
21
Suppose -5*u + 27 - 2 = 0, -2*a = u + 1. Let n(q) = 5*q**2 + 4*q + 2. Calculate the remainder when 102 is divided by n(a).
32
Let h = -1757 + 1832. Calculate the remainder when h is divided by 7.
5
Let i(w) = w**2 + 8*w. Calculate the remainder when 124 is divided by i(-12).
28
Let d(b) = 33*b - 252. Calculate the remainder when 285 is divided by d(10).
51
Let o(i) = 1 + 2*i**2 + 1 - 2 + 5*i - 3. Let n be o(-4). Calculate the remainder when 13 is divided by ((-1)/(-3))/(n/108).
1
Let w(l) = -3*l - 4*l**2 - l**2 - 2*l**3 + 4*l + 3 - 3*l. What is the remainder when w(-4) is divided by 12?
11
Let f = -365 - -415. What is the remainder when 96 is divided by f?
46
Let s = 321 + -223. Suppose -4*n + 21 = -119. Calculate the remainder when s is divided by n.
28
Suppose -3*r - r = -16. Let t(l) = -l**3 + 4*l**2 + 5*l - 5. Suppose -4*s - 6*f = -f - 9, 9 = -3*f. What is the remainder when t(r) is divided by s?
3
Suppose 20 = 2*t - 50. Let c = t - -30. What is the remainder when c is divided by 22?
21
Let o = -980 - -988. Let a = -5 + 0. Let i(n) = -7*n - 6. Calculate the remainder when i(a) is divided by o.
5
Calculate the remainder when (24/48)/((-5)/(-3520)) is divided by 123.
106
Let q be 3 - (-13 + 3 + -2). Suppose q = 5*i - 2*i. What is the remainder when 17 is divided by i?
2
Suppose 3*d - 5*b - 40 = 0, d = -d + 5*b + 35. Let o = 39 - d. What is the remainder when o is divided by 10?
4
Let l = 30 + 5. What is the remainder when 87 is divided by l?
17
Let t = 19 - 17. Suppose 4*v + 170 = v - t*s, 3*s + 174 = -3*v. What is the remainder when (-204)/v - 4/(-18) is divided by 3?
1
Calculate the remainder when 307 is divided by (-26)/104 - 53/(-4).
8
Suppose -6*m - 5*m + 726 = 0. Calculate the remainder when 153 is divided by m.
21
Let q(z) = -z + 29. Let x(i) = i - 44. Let d(l) = 7*q(l) + 5*x(l). Calculate the remainder when d(-18) is divided by 15.
4
Let i be 30/(-9)*(-144)/10. Let b = i - 24. Let l = 2906 + -2811. Calculate the remainder when l is divided by b.
23
Suppose -5*c - 3 - 22 = 0, -5*c - 21 = 2*z. Suppose r = 3*j - 10, 0*r + z*r + 4*j - 30 = 0. Calculate the remainder when 17 is divided by r.
2
Let x(m) = -3*m**3 + m + 1. Suppose 14*u = 9*u - 10. What is the remainder when 43 is divided by x(u)?
20
Suppose -v + 21 = 4*z, 0 = -2*z - v + 2*v + 3. Suppose -7*q - 5 = -2*q, 0 = 4*l + 4*q - z. Suppose l*f - 7 = f. What is the remainder when 19 is divided by f?
5
Suppose -7*j = -3*j - 16. Calculate the remainder when -64*-1*2/j is divided by 2*3/(-6)*-7.
4
Suppose -7*r + 4*z = -6*r - 20, r + 2*z = 44. Let d(x) = 2*x**3 + x - 1. Let m be d(1). Calculate the remainder when r is divided by (-50)/(-4) - (-1)/m.
10
Suppose -133 = 6*o - 229. Suppose 3*p + p - 16 = 0. Suppose o*a - p = 14*a. What is the remainder when 4 is divided by a?
0
Let r(o) = -o**2 - 25*o + 26. Suppose -7*v + 9*v = 22. What is the remainder when r(-18) is divided by v?
9
Suppose -6*h + 3*h = -6. Suppose 10 = -2*o - h*d, -o - 5*d - 7 = 18. Suppose o = -2*t + 15 + 7. Calculate the remainder when 30 is divided by t.
8
Let u(z) = 27*z**2 + z + 1. Let l be u(-1). Let h be (1 + -11)*(-104)/260. Suppose -h*s + l = -s. What is the remainder when 24 is divided by s?
6
Suppose 2*u + u = -4*y + 38, 2*u = 4*y - 48. Suppose 9*m = y*m - 210. Calculate the remainder when m is divided by 22.
17
Suppose 0 = 2*g + 5*p - 19, 3*p - 22 = -2*g - p. Let l = 31 - g. Let s = 105 + -101. What is the remainder when l is divided by s?
2
Let q be -20*(-3 + (-21)/(-6)). Let l be (12 + q)/(2/4). Calculate the remainder when 14 + 1 + -5 + l is divided by 8.
6
Let m = 580 + -531. What is the remainder when 245 is divided by m?
0
Suppose -8 - 35 = -5*s + z, 5*z = 10. What is the remainder when s is divided by 594/126 + (-2)/(-7)?
4
What is the remainder when 203 is divided by ((-30)/10 - -72) + (-3 - -1)?
2
Suppose -6*j + 264 = -3*j. Let f = j + -59. What is the remainder when f is divided by 16?
13
Let t = -174 - -201. Calculate the remainder when 106 is divided by t.
25
Let z = 71 + -46. Let d be (-6)/(4 + 248/(-60)). Suppose -4*j + d = 9. What is the remainder when z is divided by j?
7
Let g(y) = 73*y**2 + 6*y - 11. What is the remainder when g(3) is divided by 167?
163
Let d be 5/(-25) + 372/10. Let o = d - 30. Suppose -2*k - 5*n = -97, -2*k + o*k = 5*n + 155. What is the remainder when 70 is divided by k?
34
Let q = 6 - 2. Suppose -940*b + 949*b = 135. What is the remainder when b is divided by q?
3
Suppose -3*f = -5*f + 90. Suppose 7 = 4*v - f. Calculate the remainder when v is divided by 5.
3
Let i(p) = p**2 - 11*p - 18. Let o be i(9). Let f = o + 48. Suppose -k = -n - 5*k + 15, 2*k + 150 = 4*n. What is the remainder when n is divided by f?
11
Let d = 1313 + -1271. What is the remainder when 147 is divided by d?
21
Let x be (-3)/9 - 8/(-6). Suppose -2*a + 46 = -0*m + 2*m, 54 = 3*a - 2*m. Calculate the remainder when (0 - -35) + x + 1 is divided by a.
17
Calculate the remainder when (-1 - 68/28)/(34/(-1071)) is divided by 6.
0
What is the remainder when 5/((-15)/(-198)) - 3 is divided by (-1846)/(-117) - 2/(-9)?
15
What is the remainder when 1211 is divided by (9/((-63)/(-40)))/(2/7)?
11
Suppose -4*u = -5*h - 21, -u = -2*u + 5*h + 24. Let v be 1*u/(-1)*-1. What is the remainder when (-4)/((-2)/(-4) + v) is divided by 5?
3
Let t = -98 + 158. What is the remainder when t is divided by -34 + 24 - (-40 - 1)?
29
Let d = -109 + 167. Suppose -2*a + 40 - 14 = 0. Calculate the remainder when d is divided by a.
6
What is the remainder when 760/45*24 + (-4)/12 is divided by 17?
14
Let t(r) = 19*r**2 + 13*r + 43. What is the remainder when t(5) is divided by 150?
133
Let z(m) = m + 10. Let o(d) = -d**3 + 6*d**2 - 7*d + 2. Let t be o(5). Suppose 0*f - 6*f = -36. Calculate the remainder when f is divided by z(t).
0
Let l = 2090 + -2014. Calculate the remainder when 277 is divided by l.
49
Suppose -104 = -8*g + 12*g. Let p = -12 - g. Suppose -t = -0*t - 5. Calculate the remainder when p is divided by t.
4
Let n = -53 + 132. Suppose 4*x = 8*c - 9*c + 57, 3*c - 59 = -4*x. Calculate the remainder when n is divided by x.
9
Suppose -2*k + 5*k = -4*s + 20, -3*s = 2*k - 12. Calculate the remainder when 395 is divided by k.
11
Let a(d) = -d - 20. Let z be a(-22). Calculate the remainder when 75 is divided by -2 + z + 4 - -22.
23
Let w(c) = c + 6. Let h be w(-2). Suppose a - 25 = -3*l + 2*l, -h*l - a = -94. What is the remainder when 42 is divided by l?
19
Suppose 10 = -3*j + 2*g + 25, 0 = -5*g. Let h = 74 + j. Suppose 0 = -2*s - 0*s + 40. Calculate the remainder when h is divided by s.
19
Suppose -4*d - 2 = -5*d. Suppose -d - 20 = -2*u. What is the remainder when u is divided by -5*(8/(-5))/2?
3
Suppose -16*q + 33*q = 663. Calculate the remainder when q is divided by 14.
11
Let k = 604 - 471. What is the remainder when k is divided by (0 - -36) + (-1 - 1)?
31
Let h(a) = a**3 + a**2 + 5*a - 5. Let s be h(3). Let f = s - 24. What is the remainder when 108 is divided by f?
20
What is the remainder when 246 is divided by (-12 + 0